k + 2*n. Let r = u + k. What are the prime factors of r?
2, 3
Suppose 3*q - 6*q + 12 = 0. Suppose -171 = -q*a + r, -1 + 37 = a + 2*r. List the prime factors of a.
2, 3, 7
Let l = -4 + 7. Suppose o - 14 = 11. Suppose g - 9 = -x, 0*x - 2*x = l*g - o. List the prime factors of g.
7
Suppose 0 = 3*i - 4*i. Suppose 2*l - 3*l = 4*s - 3, 4*s + 12 = i. List the prime factors of l.
3, 5
Let a = 483 - 234. List the prime factors of a.
3, 83
Let o(l) = -l**2 + 3*l + 8. Let f be o(6). Let g be f/12 - (-3)/(-18). List the prime factors of ((-1)/(-3))/(g/(-6)).
2
Let t = 10 + -14. Let l = t - -15. What are the prime factors of l?
11
Suppose -2*q = 2*q - 368. List the prime factors of q.
2, 23
Suppose -q - z = 3*z - 4, 2*z + 4 = 0. Suppose -q = 3*u + 6. What are the prime factors of (-4)/(-12) + (-58)/u?
2, 5
Let d be (-6)/(-6) - -4*13. Suppose -4*w + d = 5*n, 3*w = 4*n + w - 58. List the prime factors of n.
13
Suppose 9*d + 63 = 12*d. List the prime factors of d.
3, 7
Let b(c) = -13 + 2*c - 2*c + 3*c - c. List the prime factors of b(10).
7
Let i be 4/6 - (-3)/9. Let b(p) = p**3 + 8*p**2 + 4*p - 5. Let f be b(-7). Let d = f + i. What are the prime factors of d?
17
Let i(y) = 2*y**2 + 3*y - 1. List the prime factors of i(2).
13
Suppose -2*r - 29 = -3*r. Suppose -3*n - 4*x + 0 = -3, 3*x + r = 4*n. What are the prime factors of n?
5
Suppose 4*l + 11 = -9. Let y = l + -3. Let d = 2 - y. List the prime factors of d.
2, 5
Let z be -2*(2 + 15/3). Let i = -7 - z. Let n(q) = -q**2 + 7*q + 9. What are the prime factors of n(i)?
3
Suppose 4*m - 2*w = 70, -2*m + 5*w + 20 = -3. List the prime factors of m.
19
Let y(f) = f - 3. Let h be y(5). Suppose -h*x - 3*t = -9, -t + 40 + 2 = 5*x. What are the prime factors of x?
3
Suppose q - 3*h + 7 = -h, -h = 2*q - 11. Suppose -4*g + 48 = -q*g. List the prime factors of (-2)/6 - g/(-9).
5
Let x(s) = -s. Let g be x(1). Let o be (-5)/(1/g - -2). Let k = o - -10. What are the prime factors of k?
5
Let b = 181 + -14. List the prime factors of b.
167
Let f = 27 - 14. List the prime factors of f.
13
Suppose 0 = -3*j + 1 + 8. Suppose -15 = -3*c + 3*o, -5*o + 30 = j*c - 3*o. List the prime factors of c.
2
Suppose 3*z + 12 = -z. Let u = z - -21. Let j = u - 11. What are the prime factors of j?
7
Let o = -108 + 235. List the prime factors of o.
127
Suppose 5*l = -3*q + 420, 5*q - 949 = -5*l - 249. What are the prime factors of q?
2, 5, 7
Let q = 15 + -10. Suppose q = -3*m - 1. List the prime factors of (-3)/(9/15)*m.
2, 5
Suppose 3*l - 475 = 29. What are the prime factors of (l/20)/((-2)/(-5))?
3, 7
Let c = 23 + -26. Let d be (4*2)/((-2)/3). Let w = c - d. List the prime factors of w.
3
Suppose 5*b + j + 40 = 0, -b - 7*j = -2*j + 32. Let s = b - -5. What are the prime factors of 10 - 2*(-3 - s)?
2, 3
Suppose -5*d = -646 - 224. List the prime factors of d.
2, 3, 29
Let y = -65 + 115. What are the prime factors of y?
2, 5
Suppose 7 = -2*o + 1. List the prime factors of (o - -4)/((-1)/(-19)).
19
What are the prime factors of 12/16 + 34/8?
5
Let m = -15 + 19. What are the prime factors of m/14 - (-2220)/70?
2
Suppose 3*u = -2*x - 0*u - 9, 3*x = 3*u + 24. Suppose a + b = -2, -9 = 2*a - 0*b - x*b. What are the prime factors of -2 + (6 - 6/a)?
2, 3
Let b(q) = -q**2 - 7*q. Let z be b(-7). Suppose -18 = -2*w - z*w. What are the prime factors of w?
3
Let d(z) = z**2 + 5*z + 3. Let i be d(-3). Suppose -5*r = -2*p + 21, 0 = 4*r - p + 14 + 4. What are the prime factors of -2*(-2 - i)*r?
2, 5
Suppose 0 = -2*z - 2*r + 110, 142 = 5*z + 3*r - 133. List the prime factors of z.
5, 11
Let x(g) = 17*g + 51. Let a(f) = 4*f + 13. Let b(t) = -9*a(t) + 2*x(t). List the prime factors of b(-10).
5
Suppose 44 = f - 4. What are the prime factors of f?
2, 3
Let c(z) = 34*z**2 - 3*z + 2. What are the prime factors of c(1)?
3, 11
Let g(v) = -v**2 - 8*v - 5. Let l be g(-6). Suppose -l*q = -2*q - 110. What are the prime factors of q?
2, 11
Suppose h + 5*a - 164 + 25 = 0, -130 = -h + 4*a. What are the prime factors of h?
2, 67
Let o(a) = -a - 3. Let i be o(-6). Suppose -3*l = -2*q - 2, 4*q + 2 = l + i*q. List the prime factors of (-4)/(-1)*(-3)/l.
2, 3
Let y(d) = -2*d**2 + 2*d**2 + 6*d**2. Let f be y(1). List the prime factors of 40/f + 1/3.
7
Suppose 0 = -2*p + 2, -4*r + 3*p = -129. What are the prime factors of r?
3, 11
Let f be 70/25 + 1/5. Suppose 3*v = 2*l - 6*l - 18, f*l + 11 = -v. Let m = l - -9. List the prime factors of m.
2, 3
Let m = 13 + -16. Let g = 41 - m. List the prime factors of g.
2, 11
Suppose 2 = -m + 4. Let x = 5 + m. What are the prime factors of x?
7
Let g = 21 - 16. Suppose g*m + 28 = 7*m. What are the prime factors of m?
2, 7
Let v(t) = -t**3 + 4*t**2 + t + 4. Let d(m) = 3*m + 1. Let o be d(1). What are the prime factors of v(o)?
2
Suppose -w + 270 = 4*w. What are the prime factors of w?
2, 3
Let v = -3 + 8. What are the prime factors of 16/v*(-3 - -8)?
2
Let n(m) = 17*m**2 + 2*m - 1. Let j be n(1). List the prime factors of j/(-3*2/(-4)).
2, 3
List the prime factors of ((-60)/16 + 1)*-8.
2, 11
What are the prime factors of 2484/11 + 12/66?
2, 113
Let k(o) = 7*o - 3. Let d be k(-9). Let l = -39 - d. What are the prime factors of l?
3
Suppose 0 = 8*m - 4*m + 36. Suppose -2*l - 140 = -7*l. Let s = l + m. What are the prime factors of s?
19
Let j = -32 + 35. What are the prime factors of j?
3
Let s(b) = -18*b. Let d be s(1). Let k = 28 + d. Let o = 23 - k. List the prime factors of o.
13
Suppose 5*d - 10 = 0, 5*r = -4*d + 410 + 73. Suppose -o - r = -6*o. What are the prime factors of o?
19
Let j = 1 - -34. What are the prime factors of j?
5, 7
Let i(p) be the first derivative of p**3/3 - 3*p - 12. Suppose -3*h + 11 - 2 = -2*c, 0 = 4*h + 4*c - 12. What are the prime factors of i(h)?
2, 3
Suppose 5*u - 20 = u. Suppose -u*d + 0*y + 2*y = -14, 0 = 3*d - 4*y. What are the prime factors of d?
2
Suppose -2*q + 384 = 6*q. List the prime factors of q.
2, 3
Suppose 2*c = 6*o - o - 10, -2*c - 10 = 0. Suppose 0 = 5*l + 4*i - 50, -2*l - i + 14 + 9 = o. What are the prime factors of l?
2, 7
Let v = 9 - 6. Let k = v + 1. List the prime factors of 54/k - 4/8.
13
Let h(c) = 3*c - 20. What are the prime factors of h(9)?
7
Let k(c) = -c - 4. Let r be k(-6). Suppose 7*x = r*x. Suppose x = -s - 2*s + 27. What are the prime factors of s?
3
Suppose z - 13 = o, 5*o + 10 = -2*z + 29. Let j be (-4)/(-1) - z/6. Let f = 3 + j. What are the prime factors of f?
5
Let q be (-11)/(-13) + 20/130. List the prime factors of 4*1/q*1.
2
Let m(v) = v**3 - 5*v**2 + 2. Let r be m(5). Suppose 0 = b + r*j - 20, -2*j + j = 0. What are the prime factors of b?
2, 5
Suppose 5*k - 36 = -1. What are the prime factors of k?
7
Suppose 0 = 2*y - 5*s - 79, 5*y + 3*s = 8*s + 190. List the prime factors of (-4)/16 + y/4.
3
Let r(k) = 22*k - 7. What are the prime factors of r(2)?
37
What are the prime factors of (-820)/15*12/(-8)?
2, 41
Suppose 4*d - 7 = 3*f, 11 = f + 2*d - 0*d. Suppose -u = -2*m - 9, 2*m - 19 = -f*u + 4*m. Let a = -1 + u. List the prime factors of a.
2
Let a(l) = -l - 5. Let w be a(-7). Suppose p = w*p. Suppose p*b - 3*b + 51 = 0. What are the prime factors of b?
17
Let c(z) = 5*z - 16*z**2 + 6*z**2 + 2 + 11*z**2. Let j be 2/(-5) - (-28)/(-5). What are the prime factors of c(j)?
2
Let a(d) = -d**2 - 9*d + 6. Let t be a(-10). What are the prime factors of -54*(-1 - (t + 4))?
2, 3
Suppose -140 = -t + 5*w, 2*w - 727 = -2*t - 3*t. List the prime factors of t.
5, 29
Let n be (1/3)/(1/15). Let z = 10 - 6. Suppose -z*u - n = -13. What are the prime factors of u?
2
Let r(d) be the third derivative of -7*d**4/8 - 13*d**3/2 - 4*d**2. Let n(m) = 6*m + 11. Let l(b) = -18*n(b) - 5*r(b). What are the prime factors of l(-2)?
3
Let n = 15 - 11. Let s = 9 + -9. Suppose s*v + n*v - 24 = 0. List the prime factors of v.
2, 3
Suppose 0*g + 6*g - 378 = 0. What are the prime factors of g?
3, 7
Let x(m) = m**3 - m + 4. Let a be 2/(-5) + (-24)/(-10). Suppose 5*p - 2*f = -4, a*f + 1 = p + 5. What are the prime factors of x(p)?
2
Suppose -2*w + q = -3*w - 3, w + 5*q = -15. Suppose w = 5*g - 0*g - 25. Suppose 3*n - 22 = -g*t, 0 = 5*n - 29 + 9. List the prime factors of t.
2
Suppose 0 = -3*a - a + 20. List the prime factors of a.
5
Let b = 84 - 48. Let h be 8/b - 61/(-9). Let s = h + -4. What are the prime factors